e o(-4).
2
Let n(j) = j. Let v(c) = c - 8. Let g(d) = -9. Let k(i) = -6*g(i) + 7*v(i). Let l(q) = k(q) - 5*n(q). Suppose -45*w = -26*w - 57. Calculate l(w).
4
Let y(n) = -4. Let t(m) = m - 9. Let p(i) = t(i) - y(i). Determine p(2).
-3
Let p(t) = -t + 60 - 122 + 68. What is p(2)?
4
Let p(v) = -v**3 - 8*v**2 - 4*v - 8. Suppose x + 61 = -5*l + 25, -4*l = 3*x + 20. Give p(l).
24
Let c(r) be the third derivative of -3*r**4/8 + r**3/3 - 125*r**2. Calculate c(0).
2
Let i(h) = 2*h + 5. Let z = -27 - -5. Let j = -27 - z. Determine i(j).
-5
Let h(z) = 28*z + 9. Let y(p) = 9*p + 1. Let f(v) = h(v) - 3*y(v). What is f(3)?
9
Let t(l) = -l**2 + 5*l - 7. Let s be t(3). Let q be (-1 - 1 - s)*4. Let j(b) = 2*b**2 + 5*b + 3. Give j(q).
15
Let k(u) = -u**3 + 7*u**2 - 3*u. Let m = -144 - -145. Let s be (m + 18/(-4))/(11/(-22)). What is k(s)?
-21
Let h(p) = -p + 8. Let x(g) = -g**2 - 21*g - 58. Let d be x(-18). Determine h(d).
12
Let x(h) = 2*h - 1. Let g be x(-3). Let y = 3 + g. Let m(b) = 2*b**2 + 0*b - 2*b**2 + b - 2 + b**2 - 2*b. Calculate m(y).
18
Let m(q) = -q**3 + 9*q**2 + 3*q - 27. Let g be m(9). Suppose -6*u + 0*u = -g*u. Let s(y) = -y**3 + y**2 - y + 6. Determine s(u).
6
Let h(d) = 5*d**3 + 27*d**2 + 6*d + 3. Let t(p) = -14*p**3 - 76*p**2 - 18*p - 10. Let l(q) = -17*h(q) - 6*t(q). Calculate l(-4).
1
Suppose -2*u = -0*u - 10. Suppose -u*n = -2*n + 30. Let y(b) = b**3 + 10*b**2 - 3. Let p be y(n). Let v(c) = c**2 + 4*c + 3. Determine v(p).
0
Suppose -4*q - q = 0. Suppose q = -0*h - 3*h. Suppose p = z + 1, h*z - 5*z - 5*p = 45. Let c(a) = -a**2 - 7*a - 2. Give c(z).
8
Let d(a) = -a**3 - 2*a**2 - 2*a + 3. Suppose 0 = -4*u + 5*v + 33, -2*v = -0*u + 5*u. Give d(u).
-17
Let l(v) = -202931*v + 0*v**3 + 2 + v**3 + 202933*v. Give l(-3).
-31
Let u(c) = 33*c**2 - 19*c - 18 - 11*c**2 - 20*c**2 + 52. Let b be u(7). Let k(z) = 9*z. Determine k(b).
-9
Let f(h) = h**3 + 7*h**2 - 7*h + 3. Let b = 80 + -88. What is f(b)?
-5
Suppose -n + 16 = 3*y, 4*y - 12 = 2*n + 6. Let o be 16/y - (-1)/(-5). Let z(h) be the first derivative of h**3/3 - 3*h**2/2 - 2*h + 40. What is z(o)?
-2
Let p(y) = y**3 - 4*y**2 - 6*y + 15. Let b be p(4). Let a(f) = -f**3 - 9*f**2 + f + 2. Determine a(b).
-7
Let z(h) = 38 + 6 + 0*h + 2*h - 46. Let i(l) = 9*l - 3 - 11*l + 7. Let a be i(5). Give z(a).
-14
Let s(u) = u + 2. Let v = 85 + -78. Determine s(v).
9
Suppose 14*q - 24 = 6*q. Let o(k) = 2*k**3 + 2*k**3 - 2*k - 3*k**3 + 4*k**2 - 2*k**q. Give o(3).
3
Let m(w) = -10 + 32 + w + 2 - 13 - 14. Determine m(3).
0
Let d(r) = -3 - 2*r**2 + 3*r**2 + 10. Let f(q) = 6*q - 3*q - q**2 - q**3 - 2*q + 1. Let p be f(1). Give d(p).
7
Let k be (-6)/5*(-960)/288. Let z(j) = -j**2 + j - 1. Let v(x) = 2*x**2 - x + 2. Let f(m) = -2*v(m) - 5*z(m). What is f(k)?
5
Suppose -16*b - 72 = -4*b. Let z(u) = u**3 + 5*u**2 - 3*u + 4. What is z(b)?
-14
Let w(p) be the third derivative of -p**6/120 - 13*p**5/60 + 7*p**4/12 - 2*p**3/3 - 2*p**2. Let r be w(-14). Let v(s) = -3*s - 2. Give v(r).
10
Let z(u) = -9*u**3 + 7*u**2 - 10*u + 11. Let a(t) = -5*t**3 + 3*t**2 - 5*t + 6. Let j(g) = -7*a(g) + 4*z(g). Determine j(6).
8
Let k be -1 + -2 + -5 - -2. Let y(v) = -v**2 - 4*v - 9. Let m be y(k). Let z = -15 - m. Let b(f) = f**2 - 6*f + 6. What is b(z)?
6
Let j be ((-18)/(-1))/(-2) + -1 + 4. Let a(w) = 11 - 4*w**2 + 36*w - 10*w + 15*w**2. Let b(i) = 4*i**2 + 9*i + 4. Let p(l) = 3*a(l) - 8*b(l). What is p(j)?
1
Let r(x) = -37*x + 1. Let f(g) = -106*g + 3. Let d(t) = 6*f(t) - 17*r(t). What is d(-4)?
29
Let s(f) = 19*f**2 - 14*f - 1. Let v(p) = -23*p**2 + 15*p - 1. Let t(g) = 6*s(g) + 5*v(g). Give t(-5).
9
Let m(j) = 4*j**2 - 5*j**2 - 11*j + 13*j + 2*j**2 - 6. Give m(-6).
18
Suppose -2*o = -16*o + 84. Let u(m) = 9*m - 52. Determine u(o).
2
Suppose -2*g = 2*g - 8. Suppose -4*m - b = 0, 0 = 4*m + 4*b - 14 + g. Let o be ((-15)/(-9))/(m/3). Let w(q) = q**3 + 6*q**2 + 7*q + 3. Determine w(o).
-7
Let h be 38/(-133) + 11/((-154)/(-60)). Let y(c) = -3*c - 6. What is y(h)?
-18
Let y be ((-6)/5)/((-21)/70). Let w(u) = u**2 + 0*u + 8 + 7*u - y + 0. Calculate w(-5).
-6
Let h(w) = -4*w**2 + 6*w - 2. Suppose -u + 5*m = 18 + 5, -2*m + 8 = -u. Give h(u).
-6
Let a(b) = 6*b**3 - b - 1. Let k = 14 + -21. Let n be (-10)/14 + 2/k. Let v(r) = r**2 - r - 1. Let i(m) = n*v(m) + a(m). Calculate i(1).
5
Let l(u) = u + 7. Let v be l(-5). Let q(h) = -h**2 - 2*h. Let y(i) = 5*i**2 + 7*i + 1. Let r(f) = 4*q(f) + y(f). Determine r(v).
3
Let x(p) = -26*p - 18. Let y(n) = 12*n + 7. Let z(j) = 2*x(j) + 5*y(j). Give z(5).
39
Let o(d) = -126*d - 51. Let j(y) = 4*y + 30. Let n be j(-9). Let m(x) = 5*x + 2. Let v(k) = n*o(k) - 153*m(k). Determine v(1).
-9
Suppose 0 = 4*n - 8 + 36. Let k(r) = 4*r - 670. Let v(a) = a - 229. Let x(m) = k(m) - 3*v(m). Calculate x(n).
10
Let v(d) be the first derivative of 0*d**3 - 1/4*d**4 + 7 - 5*d - 1/2*d**2. What is v(0)?
-5
Let g(l) = -l - 2. Let f = 130 - 139. Give g(f).
7
Let f(y) = -y**2 + 12*y + 5. Let d = 717 - 704. Give f(d).
-8
Suppose -4*k + 3*k = -2. Let l(i) be the first derivative of -2/3*i**3 - 5 + 1/4*i**4 - 2*i + 0*i**2. Calculate l(k).
-2
Suppose 3*b = 5*s - 64, 0 = -4*s - 2*b + 28 + 10. Let y(p) = -2*p + 30. Give y(s).
8
Let w(d) be the second derivative of -18*d - 1/12*d**4 + 1/2*d**3 + 0 + 2*d**2. Let r(n) = 3*n - 3. Let j be r(2). Calculate w(j).
4
Suppose -b - 4 = -0*b. Let h(m) be the first derivative of m**2/2 - 2*m - 33. Calculate h(b).
-6
Let l be ((-5)/2)/(-5)*0. Let z(d) be the first derivative of d**3/3 + 5*d + 337. Calculate z(l).
5
Let j(m) = 3*m**3 + 3*m**2. Let p(r) = -r**3 + 58*r**2 + 61*r - 120. Let y be p(59). Determine j(y).
-12
Let m(d) = 7*d + 1. Let h(l) = -5 - 12 + 15 - 6*l. Let y(r) = -5*h(r) - 4*m(r). What is y(-7)?
-8
Let a(g) = -g**2 + g. Let u(n) = -n**3 - 16*n**2 + 4*n - 7. Let i(p) = 5*a(p) - u(p). Determine i(-11).
-4
Let a = -57 - -59. Let h(b) = -6 - 3 - 14*b - a + 10. Calculate h(1).
-15
Let v(a) = -9*a**3 - a + 1. Let c(l) = l**3 + 4*l**2 - l - 3. Let y be c(-3). Suppose 4*b = d + 28, b + 4 = -d - y. Let i be 1/(-5)*(11 + d). Determine v(i).
-9
Suppose -2*q - 2 = 3*x - 14, 4*x - 2*q - 2 = 0. Suppose -2 = -4*n - 2*h, 2*n + 2*h + x*h = -8. Let i(d) = 4*d + n - d - 4*d. Give i(4).
-2
Let g(l) be the first derivative of l**3 - 4*l**2 + 2*l + 896. Calculate g(3).
5
Let o(w) = 9*w + 11. Let h(t) = -9*t - 13. Let d(u) = 5*h(u) + 6*o(u). Let n be (1 - 12/3) + 1. What is d(n)?
-17
Let k = 46 - 36. Let p(o) = -o + 1. Let j be p(-3). Suppose n + k = -j*n. Let s(x) = x**3 - 4*x - 3. Give s(n).
-3
Suppose -861*l + 844*l = 102. Let g(z) = -2*z - 11. What is g(l)?
1
Let o(c) = c**3 - c**2 - c - 8. Let f be 1 + 4/(-1) - -11. Let h = 4 + f. Let l = h - 12. Calculate o(l).
-8
Suppose 0 = -7*k - 7 + 35. Let z(r) be the second derivative of -r**5/20 + r**4/3 + 2*r**2 + r. Calculate z(k).
4
Let g(s) = s**2 + s - 2. Let r = -4 + 4. Let b(z) = 0*z**2 - 2 - z + 2*z**2 + 0*z**2 - z**2. Let o be b(r). What is g(o)?
0
Let v(y) = -y**2 - 9*y - 18. Let a(n) = 3*n**2 + 26*n + 44. Let j(b) = 2*a(b) + 7*v(b). Calculate j(-5).
-8
Let y(k) = k**2 - 5*k - 1. Let g be 1 + 0/(-5) - -11. Suppose 4*a - g = 2*a. Determine y(a).
5
Let r(i) = -i**3 + 2*i**2 + i + 1. Suppose -c = 5*d + 140, 4*d - 2*c + 5*c + 123 = 0. Let o = -24 - d. Let m be (-4 + (o - 1))*-1. What is r(m)?
3
Let z(c) be the third derivative of c**5/60 - c**4/12 - c**3/3 + 2*c**2. Let w = -1071 - -1074. What is z(w)?
1
Let j(r) = -7*r**3 - r**2 - 4*r. Let m(w) = 2*w**3 + w. Let g(q) = -j(q) - 3*m(q). Let a = -1 + 3. Determine g(a).
14
Let w(m) be the third derivative of -11*m**5/60 + m**4/24 + 11*m**3/6 + 8*m**2. Let u(r) = -5*r**2 + r + 5. Let g(y) = -9*u(y) + 4*w(y). What is g(7)?
13
Let s be ((-50)/(-20))/(1/(-4)*2). Let m(v) = -v**2 - 4*v + 1. Calculate m(s).
-4
Let k(s) = s**3 + 4*s**2 - 3*s + 3. Let d(l) = -3*l**3 - 12*l**2 + 10*l - 9. Let x(m) = 3*d(m) + 8*k(m). Give x(-5).
-8
Let d(s) = -s**2 - 2*s - 1. Let o(j) = 6*j**2 + 2*j + 4. Let y(v) = -5*d(v) - o(v). Calculate y(8).
1
Suppose 0 = -3*k + 3*f + 3 + 30, 5*k + 4*f = 10. Let m(s) = s**3 - 5*s**2 - 10*s + 9. Give m(k).
-15
Let g(d) = d**2 + 5. Suppose -5*u + 3*w = -82, -4*u + 35 = 4*w - 37. Let h = 22 - u. Suppose h*c + o + 11 = -12, 0 = 4*c - 5*o + 1. Give g(c).
21
Suppose -8*t + 36 = -20. Let y(f) = -f**3 +